{"id":1777,"date":"2017-05-25T16:15:39","date_gmt":"2017-05-25T14:15:39","guid":{"rendered":"http:\/\/hoteleverestarco.it\/ristorante-ad-arco\/"},"modified":"2025-07-17T23:14:45","modified_gmt":"2025-07-17T21:14:45","slug":"fruehstueck","status":"publish","type":"page","link":"https:\/\/www.hoteleverestarco.it\/de\/fruehstueck\/","title":{"rendered":"Fr\u00fchst\u00fcck"},"content":{"rendered":"<div class=\"wpb-content-wrapper\">[mk_page_section min_height=&#8220;200&#8243; padding_top=&#8220;150&#8243; padding_bottom=&#8220;150&#8243; sidebar=&#8220;sidebar-1&#8243;][vc_column css=&#8220;.vc_custom_1495639660844{padding: 10{6973f8c0eae5720cd5ce39209edbcd560e785b58343d36882e1867d6d081cffa} !important;}&#8220;][mk_fancy_title font_family=&#8220;none&#8220;]\n<h1 style=\"text-align: center;\">Geschm\u00e4cker und Aromen von nah und fern zum Fr\u00fchst\u00fcck im Hotel Everest Arco<\/h1>\n[\/mk_fancy_title][vc_column_text css=&#8220;.vc_custom_1635165239681{margin-bottom: 0px !important;}&#8220;][\/vc_column_text][\/vc_column][\/mk_page_section][vc_row fullwidth=&#8220;true&#8220; css=&#8220;.vc_custom_1495721827542{background-position: center !important;background-repeat: no-repeat !important;background-size: cover !important;}&#8220;][vc_column][mk_gallery images=&#8220;1450,1453,1456,1459,1462&#8243; style=&#8220;style3&#8243;][\/vc_column][\/vc_row][mk_page_section min_height=&#8220;200&#8243; padding_top=&#8220;150&#8243; padding_bottom=&#8220;150&#8243; sidebar=&#8220;sidebar-1&#8243;][vc_column css=&#8220;.vc_custom_1495639660844{padding: 10{6973f8c0eae5720cd5ce39209edbcd560e785b58343d36882e1867d6d081cffa} !important;}&#8220;][mk_fancy_title font_family=&#8220;none&#8220;]\n<h2 style=\"text-align: center;\"><span style=\"color: #005379;\">S\u00fc\u00dfes und herzhaftes Fr\u00fchst\u00fccksbuffet<\/span><\/h2>\n<h2 style=\"text-align: center;\"><span style=\"color: #005379;\">von 07.00 Uhr bis 10.00 Uhr.<\/span><\/h2>\n[\/mk_fancy_title][vc_column_text css=&#8220;.vc_custom_1655190346188{margin-bottom: 0px !important;}&#8220;]\n<p style=\"text-align: center;\">Glutenfreie Produkte auf Anfrage<\/p>\n[\/vc_column_text][\/vc_column][\/mk_page_section][vc_row fullwidth=&#8220;true&#8220; disable_element=&#8220;yes&#8220; css=&#8220;.vc_custom_1655189904608{background-position: center !important;background-repeat: no-repeat !important;background-size: cover !important;}&#8220;][vc_column][mk_gallery images=&#8220;1471,1474,1477,1480,1483&#8243; style=&#8220;style3&#8243;][\/vc_column][\/vc_row]\n<\/div>","protected":false},"excerpt":{"rendered":"<p>[mk_page_section min_height=&#8220;200&#8243; padding_top=&#8220;150&#8243; padding_bottom=&#8220;150&#8243; sidebar=&#8220;sidebar-1&#8243;][vc_column css=&#8220;.vc_custom_1495639660844{padding: 10{6973f8c0eae5720cd5ce39209edbcd560e785b58343d36882e1867d6d081cffa} !important;}&#8220;][mk_fancy_title font_family=&#8220;none&#8220;] Geschm\u00e4cker und Aromen von nah und fern zum Fr\u00fchst\u00fcck im Hotel Everest Arco [\/mk_fancy_title][vc_column_text css=&#8220;.vc_custom_1635165239681{margin-bottom: 0px !important;}&#8220;][\/vc_column_text][\/vc_column][\/mk_page_section][vc_row fullwidth=&#8220;true&#8220; css=&#8220;.vc_custom_1495721827542{background-position: center !important;background-repeat: no-repeat !important;background-size: cover !important;}&#8220;][vc_column][mk_gallery images=&#8220;1450,1453,1456,1459,1462&#8243; style=&#8220;style3&#8243;][\/vc_column][\/vc_row][mk_page_section min_height=&#8220;200&#8243; padding_top=&#8220;150&#8243; padding_bottom=&#8220;150&#8243; sidebar=&#8220;sidebar-1&#8243;][vc_column css=&#8220;.vc_custom_1495639660844{padding: 10{6973f8c0eae5720cd5ce39209edbcd560e785b58343d36882e1867d6d081cffa} !important;}&#8220;][mk_fancy_title font_family=&#8220;none&#8220;] S\u00fc\u00dfes und herzhaftes Fr\u00fchst\u00fccksbuffet von 07.00 Uhr bis 10.00 Uhr. [\/mk_fancy_title][vc_column_text [&hellip;]<\/p>\n","protected":false},"author":1,"featured_media":0,"parent":0,"menu_order":42,"comment_status":"closed","ping_status":"closed","template":"","meta":{"footnotes":""},"class_list":["post-1777","page","type-page","status-publish","hentry"],"_links":{"self":[{"href":"https:\/\/www.hoteleverestarco.it\/de\/wp-json\/wp\/v2\/pages\/1777","targetHints":{"allow":["GET"]}}],"collection":[{"href":"https:\/\/www.hoteleverestarco.it\/de\/wp-json\/wp\/v2\/pages"}],"about":[{"href":"https:\/\/www.hoteleverestarco.it\/de\/wp-json\/wp\/v2\/types\/page"}],"author":[{"embeddable":true,"href":"https:\/\/www.hoteleverestarco.it\/de\/wp-json\/wp\/v2\/users\/1"}],"replies":[{"embeddable":true,"href":"https:\/\/www.hoteleverestarco.it\/de\/wp-json\/wp\/v2\/comments?post=1777"}],"version-history":[{"count":10,"href":"https:\/\/www.hoteleverestarco.it\/de\/wp-json\/wp\/v2\/pages\/1777\/revisions"}],"predecessor-version":[{"id":4049,"href":"https:\/\/www.hoteleverestarco.it\/de\/wp-json\/wp\/v2\/pages\/1777\/revisions\/4049"}],"wp:attachment":[{"href":"https:\/\/www.hoteleverestarco.it\/de\/wp-json\/wp\/v2\/media?parent=1777"}],"curies":[{"name":"wp","href":"https:\/\/api.w.org\/{rel}","templated":true}]}}

Frühstück

<div class="wpb-content-wrapper">[mk_page_section min_height=&#8220;200&#8243; padding_top=&#8220;150&#8243; padding_bottom=&#8220;150&#8243; sidebar=&#8220;sidebar-1&#8243;][vc_column css=&#8220;.vc_custom_1495639660844{padding: 10{6973f8c0eae5720cd5ce39209edbcd560e785b58343d36882e1867d6d081cffa} !important;}&#8220;][mk_fancy_title font_family=&#8220;none&#8220;]
<h1 style="text-align: center;">Geschmäcker und Aromen von nah und fern zum Frühstück im Hotel Everest Arco</h1>
[/mk_fancy_title][vc_column_text css=&#8220;.vc_custom_1635165239681{margin-bottom: 0px !important;}&#8220;][/vc_column_text][/vc_column][/mk_page_section][vc_row fullwidth=&#8220;true&#8220; css=&#8220;.vc_custom_1495721827542{background-position: center !important;background-repeat: no-repeat !important;background-size: cover !important;}&#8220;][vc_column][mk_gallery images=&#8220;1450,1453,1456,1459,1462&#8243; style=&#8220;style3&#8243;][/vc_column][/vc_row][mk_page_section min_height=&#8220;200&#8243; padding_top=&#8220;150&#8243; padding_bottom=&#8220;150&#8243; sidebar=&#8220;sidebar-1&#8243;][vc_column css=&#8220;.vc_custom_1495639660844{padding: 10{6973f8c0eae5720cd5ce39209edbcd560e785b58343d36882e1867d6d081cffa} !important;}&#8220;][mk_fancy_title font_family=&#8220;none&#8220;]
<h2 style="text-align: center;"><span style="color: #005379;">Süßes und herzhaftes Frühstücksbuffet</span></h2>
<h2 style="text-align: center;"><span style="color: #005379;">von 07.00 Uhr bis 10.00 Uhr.</span></h2>
[/mk_fancy_title][vc_column_text css=&#8220;.vc_custom_1655190346188{margin-bottom: 0px !important;}&#8220;]
<p style="text-align: center;">Glutenfreie Produkte auf Anfrage</p>
[/vc_column_text][/vc_column][/mk_page_section][vc_row fullwidth=&#8220;true&#8220; disable_element=&#8220;yes&#8220; css=&#8220;.vc_custom_1655189904608{background-position: center !important;background-repeat: no-repeat !important;background-size: cover !important;}&#8220;][vc_column][mk_gallery images=&#8220;1471,1474,1477,1480,1483&#8243; style=&#8220;style3&#8243;][/vc_column][/vc_row]
</div>

<p>[mk_page_section min_height=&#8220;200&#8243; padding_top=&#8220;150&#8243; padding_bottom=&#8220;150&#8243; sidebar=&#8220;sidebar-1&#8243;][vc_column css=&#8220;.vc_custom_1495639660844{padding: 10{6973f8c0eae5720cd5ce39209edbcd560e785b58343d36882e1867d6d081cffa} !important;}&#8220;][mk_fancy_title font_family=&#8220;none&#8220;] Geschmäcker und Aromen von nah und fern zum Frühstück im Hotel Everest Arco [/mk_fancy_title][vc_column_text css=&#8220;.vc_custom_1635165239681{margin-bottom: 0px !important;}&#8220;][/vc_column_text][/vc_column][/mk_page_section][vc_row fullwidth=&#8220;true&#8220; css=&#8220;.vc_custom_1495721827542{background-position: center !important;background-repeat: no-repeat !important;background-size: cover !important;}&#8220;][vc_column][mk_gallery images=&#8220;1450,1453,1456,1459,1462&#8243; style=&#8220;style3&#8243;][/vc_column][/vc_row][mk_page_section min_height=&#8220;200&#8243; padding_top=&#8220;150&#8243; padding_bottom=&#8220;150&#8243; sidebar=&#8220;sidebar-1&#8243;][vc_column css=&#8220;.vc_custom_1495639660844{padding: 10{6973f8c0eae5720cd5ce39209edbcd560e785b58343d36882e1867d6d081cffa} !important;}&#8220;][mk_fancy_title font_family=&#8220;none&#8220;] Süßes und herzhaftes Frühstücksbuffet von 07.00 Uhr bis 10.00 Uhr. [/mk_fancy_title][vc_column_text [&hellip;]</p>
